{"id":1857,"date":"2017-10-11T19:37:15","date_gmt":"2017-10-11T16:37:15","guid":{"rendered":"http:\/\/localhost\/grassy\/?page_id=1857"},"modified":"2026-02-13T11:15:20","modified_gmt":"2026-02-13T08:15:20","slug":"anasayfa","status":"publish","type":"page","link":"https:\/\/mertagro.com\/","title":{"rendered":"Anasayfa"},"content":{"rendered":"<p>[vc_row full_width=&#8221;stretch_row_content_no_spaces&#8221; css=&#8221;.vc_custom_1509607147265{margin-top: 0px !important;margin-bottom: 0px !important;padding-top: 0px !important;padding-bottom: 0px !important;}&#8221;][vc_column css=&#8221;.vc_custom_1503251047476{margin-top: 0px !important;margin-bottom: 0px !important;}&#8221;][rev_slider_vc alias=&#8221;home1&#8243;][\/vc_column][\/vc_row][vc_row css=&#8221;.vc_custom_1505294554309{padding-top: 65px !important;padding-bottom: 65px !important;}&#8221; el_id=&#8221;rs-about&#8221; el_class=&#8221;rs-about&#8221;][vc_column width=&#8221;7\/12&#8243; css=&#8221;.vc_custom_1505208036130{padding-right: 65px !important;}&#8221;]\r\n        <div class=\"sec-title  dd\">         \r\n            <h4 style=\"color:\">HAKKIMIZDA<\/h4>             \r\n            <h3 style=\"color:\">1989'dan G\u00fcn\u00fcm\u00fcze<\/h3>        \r\n        <\/div>[vc_column_text css=&#8221;.vc_custom_1682930331576{padding-top: 35px !important;}&#8221;]Ana Prensip, M\u00fc\u015fterilerimize verdi\u011fimiz s\u00f6zd\u00fcr.<br \/>\nMakinelerimizin ve hizmetlerimizin m\u00fckemmel \u00e7al\u0131\u015fma sonu\u00e7lar\u0131 ile m\u00fc\u015fterimiz olarak daha ba\u015far\u0131l\u0131 olaca\u011f\u0131n\u0131za eminiz.<br \/>\nHedefimiz, \u00e7al\u0131\u015fman\u0131z\u0131 kolayla\u015ft\u0131rmak ve s\u00fcrd\u00fcrelebilir bir i\u015fletme imkan\u0131 sunmakt\u0131r.<\/p>\n<p>Geleneksel aile \u015firketi olarak uluslararas\u0131 alanda pek \u00e7ok tecr\u00fcbemiz bulunmaktad\u0131r.<br \/>\nB\u00f6ylece farkl\u0131 ya\u015fam ve \u00e7al\u0131\u015fma ko\u015fullar\u0131 \u00e7e\u015fitlili\u011fine en iyi \u015fekilde ula\u015fabilmek i\u00e7in \u00e7ok geni\u015f yenilik\u00e7i \u00fcr\u00fcn yelpazesi sunuyoruz.<br \/>\n\u00dcr\u00fcn yelpazesi, m\u00fc\u015fterilerimizin ihtiya\u00e7lar\u0131 do\u011frultusunda, inovasyon \u00fcr\u00fcnleri \u00e7ok \u00e7e\u015fitlidir.<\/p>\n<p>&#8220;En iyi toprak&#8221; i\u00e7in verim arzumuz ile, toprak i\u015fleme ve ekim teknolojisi i\u00e7in ak\u0131ll\u0131 sistemler ve makineler geli\u015ftirdik.<br \/>\nEkonomik ba\u015far\u0131 &#8220;en iyi kalite&#8221; ile s\u0131k\u0131 s\u0131k\u0131ya ba\u011flant\u0131l\u0131d\u0131r.<\/p>\n<p>Mert toprak, ekim ve s\u00fcrd\u00fcr\u00fclebilirlik alan program\u0131 ile ihtiya\u00e7lar\u0131n\u0131z\u0131 da m\u00fckemmel bir \u015fekilde kar\u015f\u0131l\u0131yoruz.[\/vc_column_text]\r\n        <div class=\"rs-about \">\r\n\t\t\t<div class=\"about-exp  vc_custom_1770415386442\" style=\"border:5px solid  \">\r\n\t\t\t\t\t<div class=\"row\">\r\n\t\t\t\t\t<div class=\"col-lg-4 col-md-4 col-sm-4 col-xs-4\">\r\n\t\t\t\t\t\t<h2 class=\"exp-title\">37<\/h2>\r\n\t\t\t\t\t<\/div>\r\n\t\t\t\t\t<div class=\"col-lg-4 col-md-4 col-sm-4 col-xs-4\">\r\n\t\t\t\t\t\t<p class=\"exp-desc mt-5\">\r\n\t\t\t\t\t\t\tSekt\u00f6rde Y\u0131ll\u0131k Tecr\u00fcbe \r\n\t\t\t\t\t\t<\/p>\r\n\t\t\t\t\t<\/div>\r\n\t\t\t\t\t<div class=\"col-lg-4 col-md-4 col-sm-4 col-xs-4\">\r\n\t\t\t\t\t\t<div class=\"text-right\">\r\n\t\t\t\t\t\t\t<a href=\"#.\" title=\"\" class=\"readon border mt-30\">Hakk\u0131m\u0131zda<\/a>\r\n\t\t\t\t\t\t<\/div>\r\n\t\t\t\t\t<\/div>\r\n\t\t\t\t<\/div>\r\n\t\t\t<\/div>\r\n\t\t<\/div>\r\n\t\t\r\n\t[\/vc_column][vc_column width=&#8221;5\/12&#8243;][vc_single_image image=&#8221;3813&#8243; img_size=&#8221;full&#8221;][\/vc_column][\/vc_row][vc_row full_width=&#8221;stretch_row_content_no_spaces&#8221; el_id=&#8221;rs-cta&#8221; el_class=&#8221;rs-cta&#8221; css=&#8221;.vc_custom_1683826509183{padding-top: 30px !important;padding-bottom: 35px !important;}&#8221;][vc_column width=&#8221;2\/3&#8243;][vc_custom_heading text=&#8221;Geleneksel ve \u0130lerleyen \u015eirket !&#8221; font_container=&#8221;tag:h2|font_size:36px|text_align:center|color:%23ffffff&#8221; google_fonts=&#8221;font_family:Open%20Sans%3A300%2C300italic%2Cregular%2Citalic%2C600%2C600italic%2C700%2C700italic%2C800%2C800italic|font_style:400%20regular%3A400%3Anormal&#8221; css=&#8221;.vc_custom_1770415577259{margin-top: 0px !important;margin-bottom: 0px !important;padding-top: 10px !important;padding-bottom: 0px !important;}&#8221;][\/vc_column][vc_column width=&#8221;1\/3&#8243; css=&#8221;.vc_custom_1515745379225{padding-bottom: 7px !important;}&#8221;][vc_btn title=&#8221;Hakk\u0131m\u0131zda&#8221; style=&#8221;outline-custom&#8221; outline_custom_color=&#8221;#ffffff&#8221; outline_custom_hover_background=&#8221;#f7f7f7&#8243; outline_custom_hover_text=&#8221;#4caf50&#8243; shape=&#8221;square&#8221; align=&#8221;center&#8221; link=&#8221;url:http%3A%2F%2Fmertagro.com%2F%3Fp%3D3651|title:Hakk%C4%B1m%C4%B1zda||&#8221;][\/vc_column][\/vc_row][vc_row el_id=&#8221;rs-portfolio&#8221; el_class=&#8221;rs-portfolio&#8221; css=&#8221;.vc_custom_1515069307127{padding-top: 90px !important;padding-bottom: 65px !important;}&#8221;][vc_column]\r\n        <div class=\"sec-title  vc_custom_1770415169303 \">         \r\n            <h4 style=\"color:\"><\/h4>             \r\n            <h3 style=\"color:\">\u00dcR\u00dcNLER\u0130M\u0130Z<\/h3>        \r\n        <\/div><div class=\"rs-portfolio  \">\r\n\t\t<div class=\"portfolio-content \"><div class=\"portfolio-filter\">\r\n\t                <button class=\"active\" data-filter=\"*\">ALL PROJECT<\/button><button data-filter=\".filter_cerus-500\">CERUS 500<\/button><button data-filter=\".filter_herus-300\">HERUS 300<\/button> <\/div><div class=\"row\"> <div class=\"grid\">\r\n\t\t\t\t\r\n\t\t\t\t<div class=\"col-md-4  col-xs-6 grid-item mb-30 filter_herus-300 \">\r\n                            <div class=\"portfolio-item\">\r\n                                <div class=\"portfolio-img\">\r\n                                   <img decoding=\"async\" src=\"https:\/\/mertagro.com\/wp-content\/uploads\/2017\/11\/ishakweb-017.jpg\" alt=\"HERUS 300\" \/>\r\n                                <\/div>\r\n                                <div class=\"portfolio-content\">\r\n                                    <div class=\"display-table\">\r\n                                        <div class=\"display-table-cell\">\r\n                                            <a class=\"image-popup p-zoom\" href=\"https:\/\/mertagro.com\/wp-content\/uploads\/2017\/11\/ishakweb-017.jpg\">\r\n                                                <span class=\"vc_icon_element-icon fa fa-search\" style=\"color:green\"><\/span>\r\n                                            <\/a>\r\n                                            <h3 class=\"p-title\"><a href=\"https:\/\/mertagro.com\/?portfolios=data-management\">HERUS 300<\/a><\/h3>\t\t\t\t\t\t\t\t\t\t\t\r\n                                            <p class=\"p-desc\"><\/p>\r\n                                        <\/div>\r\n                                    <\/div>\r\n                                <\/div>\r\n                            <\/div>\r\n                        <\/div>\r\n\t\t\t\t\r\n\t\t\t\t<div class=\"col-md-4  col-xs-6 grid-item mb-30 filter_herus-300 \">\r\n                            <div class=\"portfolio-item\">\r\n                                <div class=\"portfolio-img\">\r\n                                   <img decoding=\"async\" src=\"https:\/\/mertagro.com\/wp-content\/uploads\/2017\/11\/ishakweb-012.jpg\" alt=\"HERUS 300\" \/>\r\n                                <\/div>\r\n                                <div class=\"portfolio-content\">\r\n                                    <div class=\"display-table\">\r\n                                        <div class=\"display-table-cell\">\r\n                                            <a class=\"image-popup p-zoom\" href=\"https:\/\/mertagro.com\/wp-content\/uploads\/2017\/11\/ishakweb-012.jpg\">\r\n                                                <span class=\"vc_icon_element-icon fa fa-search\" style=\"color:green\"><\/span>\r\n                                            <\/a>\r\n                                            <h3 class=\"p-title\"><a href=\"https:\/\/mertagro.com\/?portfolios=herus-300\">HERUS 300<\/a><\/h3>\t\t\t\t\t\t\t\t\t\t\t\r\n                                            <p class=\"p-desc\"><\/p>\r\n                                        <\/div>\r\n                                    <\/div>\r\n                                <\/div>\r\n                            <\/div>\r\n                        <\/div>\r\n\t\t\t\t\r\n\t\t\t\t<div class=\"col-md-4  col-xs-6 grid-item mb-30 filter_herus-300 \">\r\n                            <div class=\"portfolio-item\">\r\n                                <div class=\"portfolio-img\">\r\n                                   <img decoding=\"async\" src=\"https:\/\/mertagro.com\/wp-content\/uploads\/2017\/11\/ishakweb-004.jpg\" alt=\"HERUS 300\" \/>\r\n                                <\/div>\r\n                                <div class=\"portfolio-content\">\r\n                                    <div class=\"display-table\">\r\n                                        <div class=\"display-table-cell\">\r\n                                            <a class=\"image-popup p-zoom\" href=\"https:\/\/mertagro.com\/wp-content\/uploads\/2017\/11\/ishakweb-004.jpg\">\r\n                                                <span class=\"vc_icon_element-icon fa fa-search\" style=\"color:green\"><\/span>\r\n                                            <\/a>\r\n                                            <h3 class=\"p-title\"><a href=\"https:\/\/mertagro.com\/?portfolios=herus-300-2\">HERUS 300<\/a><\/h3>\t\t\t\t\t\t\t\t\t\t\t\r\n                                            <p class=\"p-desc\"><\/p>\r\n                                        <\/div>\r\n                                    <\/div>\r\n                                <\/div>\r\n                            <\/div>\r\n                        <\/div>\r\n\t\t\t\t\r\n\t\t\t\t<div class=\"col-md-4  col-xs-6 grid-item mb-30 filter_cerus-500 \">\r\n                            <div class=\"portfolio-item\">\r\n                                <div class=\"portfolio-img\">\r\n                                   <img decoding=\"async\" src=\"https:\/\/mertagro.com\/wp-content\/uploads\/2017\/11\/ishakweb-014.jpg\" alt=\"CERUS 500\" \/>\r\n                                <\/div>\r\n                                <div class=\"portfolio-content\">\r\n                                    <div class=\"display-table\">\r\n                                        <div class=\"display-table-cell\">\r\n                                            <a class=\"image-popup p-zoom\" href=\"https:\/\/mertagro.com\/wp-content\/uploads\/2017\/11\/ishakweb-014.jpg\">\r\n                                                <span class=\"vc_icon_element-icon fa fa-search\" style=\"color:green\"><\/span>\r\n                                            <\/a>\r\n                                            <h3 class=\"p-title\"><a href=\"https:\/\/mertagro.com\/?portfolios=cerus-500\">CERUS 500<\/a><\/h3>\t\t\t\t\t\t\t\t\t\t\t\r\n                                            <p class=\"p-desc\"><\/p>\r\n                                        <\/div>\r\n                                    <\/div>\r\n                                <\/div>\r\n                            <\/div>\r\n                        <\/div><\/div><\/div>\r\n\t\t<\/div>\r\n\t\t<\/div>[\/vc_column][\/vc_row][vc_row full_width=&#8221;stretch_row&#8221; el_id=&#8221;rs-faq&#8221; css=&#8221;.vc_custom_1514963045066{padding-top: 65px !important;padding-bottom: 65px !important;background-color: #f9f9f9 !important;}&#8221; el_class=&#8221;faq-home&#8221;][vc_column width=&#8221;1\/2&#8243; css=&#8221;.vc_custom_1505541008191{padding-right: 65px !important;}&#8221;][vc_single_image image=&#8221;3817&#8243; img_size=&#8221;full&#8221; alignment=&#8221;center&#8221;][\/vc_column][vc_column width=&#8221;1\/2&#8243;]\r\n        <div class=\"sec-title  vc_custom_1770415115293 \">         \r\n            <h4 style=\"color:\">\u00dcR\u00dcNLER\u0130M\u0130Z\u0130N<\/h4>             \r\n            <h3 style=\"color:\">Belirgin \u00d6zellikleri<\/h3>        \r\n        <\/div>[vc_tta_accordion style=&#8221;outline&#8221; shape=&#8221;square&#8221; c_icon=&#8221;chevron&#8221; c_position=&#8221;right&#8221; active_section=&#8221;1&#8243;][vc_tta_section title=&#8221;Herus 300 ile daha ileriye&#8230;&#8221; tab_id=&#8221;1505541062516-7281764f-f4b4&#8243;][vc_column_text css=&#8221;.vc_custom_1684260761165{margin-top: 10px !important;margin-bottom: 10px !important;}&#8221;]Herus <strong>300;<\/strong> An\u0131z i\u015fleme, tohum yata\u011f\u0131 haz\u0131rl\u0131\u011f\u0131 ba\u015fta olmak \u00fczere toprak i\u015flemede etkin ve geni\u015f kullan\u0131m yelpazesi vard\u0131r. <strong>Kompak<\/strong> ve <strong>kombine<\/strong> tasar\u0131m\u0131yla \u00fcr\u00fcn maaliyetlerini d\u00fc\u015f\u00fcr\u00fcr. Toprak \u015fartlar\u0131na g\u00f6re <strong>18km\/h<\/strong> h\u0131zlara kadar kullan\u0131ld\u0131\u011f\u0131nda istenilen toprak i\u015fleme kalitesi yakalan\u0131r.<\/p>\n<p>Standart \u00e7entikli<strong> 560 mm<\/strong> \u00e7ap\u0131nda her biri m\u00fcstakil yataklanm\u0131\u015f diskler, kau\u00e7uk rulo ile \u015faseye ba\u011flanm\u0131\u015ft\u0131r. Topra\u011f\u0131n ve bitki art\u0131klar\u0131n\u0131n par\u00e7alanarak topra\u011fa kar\u0131\u015ft\u0131r\u0131lmas\u0131 ve bu yap\u0131 sayesinde etkin ve y\u00fcksek performansta yap\u0131labilir.[\/vc_column_text][\/vc_tta_section][vc_tta_section title=&#8221;Cerus 500 ile daha g\u00fcvenli&#8230;&#8221; tab_id=&#8221;1505541062663-1e3affd1-b490&#8243;][vc_column_text css=&#8221;.vc_custom_1684260862824{margin-top: 10px !important;margin-bottom: 10px !important;}&#8221;]<strong>Yolda K\u00fc\u00e7\u00fck, Tarlada B\u00fcy\u00fck<\/strong><br \/>\nHidrolik olarak katlanan ve \u00fc\u00e7 nokta ask\u0131l\u0131 <strong>Cerus<\/strong> modelimiz <strong>4-6 metreye<\/strong> kadar \u00e7al\u0131\u015fma geni\u015fli\u011findedir. Yol konumunda homologasyon y\u00f6netmeli\u011fine uygundur.<\/p>\n<p><strong>Sen Nas\u0131l \u0130stersen&#8230;!<\/strong><br \/>\nPratik olarak montaj yap\u0131labilen, 6 nokta ba\u011flant\u0131 sistemi ile \u00e7ekilir tip <strong>Cerus<\/strong> modelimiz ta\u015f\u0131ma tekeri ve ok ile donat\u0131lm\u0131\u015ft\u0131r.<\/p>\n<p><strong>Derinlik Ayar\u0131 ; <\/strong><br \/>\nT\u00fcm modellerimizde standart donan\u0131m olarak kullan\u0131lan derinlik ve paralellik ayar\u0131 b\u00fcy\u00fck bir konfor sa\u011flamaktad\u0131r. istedi\u011finiz gibi paralellik ve derinlik ayar\u0131 yapabilirsiniz.<\/p>\n<p><strong>Y\u00fcksel S\u00fcspansiyonlu ; <\/strong><br \/>\nBa\u011f\u0131ms\u0131z bacaklar\u0131n ve disklerin y\u00fczey kopyalama, k\u0131r\u0131lma ve a\u015f\u0131nmay\u0131 \u00f6nleyici y\u00fcksek s\u00fcspansiyonlu \u00f6zel malzemeden imal edilmi\u015f elastik kau\u00e7uklar ile donat\u0131lm\u0131\u015ft\u0131r.<\/p>\n<p><strong>\u0130deal Ba\u011f\u0131ms\u0131z Bacak Yap\u0131s\u0131 ; <\/strong><br \/>\nBacaklar\u0131n g\u00fc\u00e7lendirilmi\u015f \u00f6zel yap\u0131s\u0131 sayesinde i\u015fleme ve kesme a\u00e7\u0131lar\u0131 de\u011fi\u015fmeden g\u00f6rev yapmas\u0131n\u0131 sa\u011flar.[\/vc_column_text][\/vc_tta_section][vc_tta_section title=&#8221;Disruptive 450 ile daha ekonomik&#8230;&#8221; tab_id=&#8221;1505541181262-f343590f-8142&#8243;][vc_column_text css=&#8221;.vc_custom_1770414953785{margin-top: 10px !important;margin-bottom: 10px !important;}&#8221;]<strong>H\u0131zl\u0131, Ekonomik ve Sa\u011flam !<\/strong><\/p>\n<p><strong>Disruptive<\/strong> s\u0131\u011f ve yopun bi\u00e7imde kar\u0131\u015ft\u0131r\u0131lm\u0131\u015f toprak i\u015flemelerine uygundur. Kolay \u00e7ekme \u00f6zelle\u011fi, y\u00fcksek i\u015fleme h\u0131z\u0131, etkileyici toprak i\u015fleme ve yan\u0131 s\u0131ra d\u00fc\u015f\u00fck yak\u0131t t\u00fcketimini sa\u011flar.[\/vc_column_text][\/vc_tta_section][\/vc_tta_accordion][\/vc_column][\/vc_row][vc_row full_width=&#8221;stretch_row&#8221; parallax=&#8221;content-moving&#8221; css=&#8221;.vc_custom_1515745516906{padding-top: 60px !important;padding-bottom: 100px !important;background-image: url(http:\/\/keenitsolution.com\/products\/wordpress\/grassy\/\/wp-content\/uploads\/2017\/08\/counter-up.jpg?id=440) !important;background-position: center;background-repeat: no-repeat;background-size:cover !important;}&#8221;][vc_column el_class=&#8221;rs-counter-title&#8221;][vc_column_text css=&#8221;.vc_custom_1770413394796{padding-right: 10% !important;padding-left: 10% !important;}&#8221;]<\/p>\n<h2 style=\"text-align: center;\">\u0130STAT\u0130ST\u0130KLER\u0130M\u0130Z<\/h2>\n<p style=\"text-align: center;\">Sekt\u00f6rde 37 Y\u0131ll\u0131k Tecr\u00fcbemiz ile ; Geleneksel ve ilerleyen \u015firket.<\/p>\n<p style=\"text-align: center;\">[\/vc_column_text][\/vc_column][vc_column width=&#8221;1\/4&#8243;]\r\n\t<div class=\"counter-top-area\">\r\n    <div class=\"rs-counter-list\">     \r\n\t\t<i class=\"fa fa-skyatlas\"><\/i>\r\n        <h2 class=\"rs-counter\">99,9<\/h2>         \r\n        <h3>S\u00fcrd\u00fcr\u00fclebilirlik<\/h3>\r\n     \r\n    <\/div><\/div>[\/vc_column][vc_column width=&#8221;1\/4&#8243;]\r\n\t<div class=\"counter-top-area\">\r\n    <div class=\"rs-counter-list\">     \r\n\t\t<i class=\"fa fa-battery-full\"><\/i>\r\n        <h2 class=\"rs-counter\">99,9<\/h2>         \r\n        <h3>Kapasite<\/h3>\r\n     \r\n    <\/div><\/div>[\/vc_column][vc_column width=&#8221;1\/4&#8243;]\r\n\t<div class=\"counter-top-area\">\r\n    <div class=\"rs-counter-list\">     \r\n\t\t<i class=\"fa fa-handshake-o\"><\/i>\r\n        <h2 class=\"rs-counter\">99,9<\/h2>         \r\n        <h3>Memnuniyet<\/h3>\r\n     \r\n    <\/div><\/div>[\/vc_column][vc_column width=&#8221;1\/4&#8243;]\r\n\t<div class=\"counter-top-area\">\r\n    <div class=\"rs-counter-list\">     \r\n\t\t<i class=\"fa fa-check-circle-o\"><\/i>\r\n        <h2 class=\"rs-counter\">99,9<\/h2>         \r\n        <h3>Verim<\/h3>\r\n     \r\n    <\/div><\/div>[\/vc_column][\/vc_row][vc_row full_width=&#8221;stretch_row&#8221; css=&#8221;.vc_custom_1515069409438{padding-top: 55px !important;padding-bottom: 100px !important;background-color: #f9f9f9 !important;}&#8221;][vc_column][\/vc_column][\/vc_row][vc_row full_width=&#8221;stretch_row&#8221; parallax=&#8221;content-moving&#8221; parallax_image=&#8221;2819&#8243; el_class=&#8221;rs-newsletter&#8221; css=&#8221;.vc_custom_1515745589802{padding-top: 60px !important;padding-bottom: 65px !important;}&#8221;][vc_column][vc_column_text css=&#8221;.vc_custom_1684262371032{padding-right: 10% !important;padding-left: 10% !important;}&#8221;]<\/p>\n<h3>G\u00dcNCEL KALIN<\/h3>\n<p>G\u00fcncel modellerimizden ve g\u00fcncel bilgilerden haberdar olmak ve size ula\u015fabilmek i\u00e7in l\u00fctfen mail adresinizi giriniz&#8230;!<\/p>\n<p><script>(function() {\n\twindow.mc4wp = window.mc4wp || {\n\t\tlisteners: [],\n\t\tforms: {\n\t\t\ton: function(evt, cb) {\n\t\t\t\twindow.mc4wp.listeners.push(\n\t\t\t\t\t{\n\t\t\t\t\t\tevent   : evt,\n\t\t\t\t\t\tcallback: cb\n\t\t\t\t\t}\n\t\t\t\t);\n\t\t\t}\n\t\t}\n\t}\n})();\n<\/script><!-- Mailchimp for WordPress v4.9.6 - https:\/\/wordpress.org\/plugins\/mailchimp-for-wp\/ --><form id=\"mc4wp-form-1\" class=\"mc4wp-form mc4wp-form-455\" method=\"post\" data-id=\"455\" data-name=\"\" ><div class=\"mc4wp-form-fields\"><input type=\"email\" name=\"EMAIL\" placeholder=\"E-posta adresinizi giriniz\" required \/>\r\n\r\n<input type=\"submit\" value=\"\u015eimdi Abone Ol\" class=\"form-button\" \/>\r\n<\/div><label style=\"display: none !important;\">Leave this field empty if you're human: <input type=\"text\" name=\"_mc4wp_honeypot\" value=\"\" tabindex=\"-1\" autocomplete=\"off\" \/><\/label><input type=\"hidden\" name=\"_mc4wp_timestamp\" value=\"1776594432\" \/><input type=\"hidden\" name=\"_mc4wp_form_id\" value=\"455\" \/><input type=\"hidden\" name=\"_mc4wp_form_element_id\" value=\"mc4wp-form-1\" \/><div class=\"mc4wp-response\"><\/div><\/form><!-- \/ Mailchimp for WordPress Plugin -->[\/vc_column_text][\/vc_column][\/vc_row][vc_row el_id=&#8221;rs-blog&#8221; css=&#8221;.vc_custom_1515745727662{padding-top: 55px !important;padding-bottom: 50px !important;}&#8221;][vc_column]\r\n        <div class=\"sec-title  \">         \r\n            <h4 style=\"color:\"><\/h4>             \r\n            <h3 style=\"color:\">G\u00fcncel Haberler<\/h3>        \r\n        <\/div><div class=\"rs-blog \">\r\n\t\t<div class=\"blog-carousel owl-carousel owl-navigation-yes\" data-carousel-options=\"{&quot;nav&quot;:true,&quot;navText&quot;:[&quot;&lt;i class=&#039;fa fa-angle-left&#039;&gt;&lt;\\\/i&gt;&quot;,&quot;&lt;i class=&#039;fa fa-angle-right&#039;&gt;&lt;\\\/i&gt;&quot;],&quot;dots&quot;:false,&quot;autoplay&quot;:true,&quot;autoplayTimeout&quot;:&quot;5000&quot;,&quot;autoplaySpeed&quot;:&quot;200&quot;,&quot;autoplayHoverPause&quot;:true,&quot;loop&quot;:true,&quot;margin&quot;:20,&quot;responsive&quot;:{&quot;0&quot;:{&quot;items&quot;:&quot;1&quot;},&quot;480&quot;:{&quot;items&quot;:&quot;2&quot;},&quot;768&quot;:{&quot;items&quot;:&quot;3&quot;},&quot;992&quot;:{&quot;items&quot;:&quot;3&quot;},&quot;1200&quot;:{&quot;items&quot;:&quot;3&quot;}}}\"><div class=\"blog-item\">\r\n\t\t\t\t<div class=\"blog-img\"> <img decoding=\"async\" src=\"https:\/\/mertagro.com\/wp-content\/uploads\/2017\/11\/ishakweb-004.jpg\" alt=\"FUAR 2023\" \/>\r\n\t\t\t\t<div class=\"cat_name\"><a href=\"https:\/\/mertagro.com\/?cat=1\">Genel<\/a><\/div>\r\n\t\t\t\t\t<div class=\"blog-img-content\">\r\n\t\t\t\t\t<div class=\"display-table\">\r\n\t\t\t\t\t\t<div class=\"display-table-cell\">\r\n\t\t\t\t\t\t\t<a class=\"blog-link\" href=\"https:\/\/mertagro.com\/?post_type=post&p=2162\" title=\"FUAR 2023\">\r\n\t\t\t\t\t\t\t\t<i class=\"fa fa-link\"><\/i>\r\n\t\t\t\t\t\t\t<\/a>\r\n\t\t\t\t\t\t\t\r\n\t\t\t\t\t\t<\/div>\r\n\t\t\t\t\t<\/div>\r\n\t\t\t\t<\/div>\t\t\t  \r\n\t\t\t<\/div>\r\n\t\t\t <div class=\"blog-meta\">\r\n\t\t\t <h3 class=\"blog-title\"><a href=\"https:\/\/mertagro.com\/?post_type=post&p=2162\"> FUAR 2023 <\/a><\/h3>\r\n\t\t\t\t<div class=\"blog-date\">\r\n\t\t\t\t\t<i class=\"fa fa-calendar\"><\/i> 6 Kas\u0131m 2017 \r\n\t\t\t\t\t<span class=\"author\"> <i class=\"fa fa-user\"><\/i> 82c9a874dc93b15e4d6b7d6566fca589<\/span>\r\n\t\t\t\t<\/div>\r\n\t\t\t\t<div class=\"blog-lc\">\t\t\t\t\t\r\n\t\t\t\t\t<div class=\"comment\">\r\n\t\t\t\t\t\t<i class=\"fa fa-comments\"><\/i> 0\r\n\t\t\t\t\t<\/div>\r\n\t\t\t\t<\/div>\r\n\t\t\t<\/div>\r\n\t\t\t\r\n\t\t\t<div class=\"blog-desc\">\r\n\t\t\t\tETO-T\u00dcYAP Fuar Merkezi&#8217;nde a\u00e7\u0131lan fuarda tar\u0131m ve hayvanc\u0131l\u0131kla ilgili son teknolojiler ve ekipmanlar yer al\u0131yor.Eski\u015fehir\u00a0Valisi Erol Ayy\u0131ld\u0131z, fuar\u0131n a\u00e7\u0131l\u0131\u015f\u0131nda, fuar\u0131n...\r\n\t\t\t<\/div>\r\n\t\t\t<div class=\"blog-button\">\r\n\t\t\t\t<a href=\"https:\/\/mertagro.com\/?post_type=post&p=2162\">Read More <i class=\"fa fa-angle-right\"><\/i><\/a>\r\n\t\t\t<\/div>\r\n\t\t  <\/div>\t\t\r\n\t\t<div class=\"blog-item\">\r\n\t\t\t\t<div class=\"blog-img\"> <img decoding=\"async\" src=\"https:\/\/mertagro.com\/wp-content\/uploads\/2023\/05\/TASARIM-ONAY_page-0004.jpg\" alt=\"Hakk\u0131m\u0131zda\" \/>\r\n\t\t\t\t<div class=\"cat_name\"><a href=\"https:\/\/mertagro.com\/?cat=1\">Genel<\/a><\/div>\r\n\t\t\t\t\t<div class=\"blog-img-content\">\r\n\t\t\t\t\t<div class=\"display-table\">\r\n\t\t\t\t\t\t<div class=\"display-table-cell\">\r\n\t\t\t\t\t\t\t<a class=\"blog-link\" href=\"https:\/\/mertagro.com\/?post_type=post&p=3651\" title=\"Hakk\u0131m\u0131zda\">\r\n\t\t\t\t\t\t\t\t<i class=\"fa fa-link\"><\/i>\r\n\t\t\t\t\t\t\t<\/a>\r\n\t\t\t\t\t\t\t\r\n\t\t\t\t\t\t<\/div>\r\n\t\t\t\t\t<\/div>\r\n\t\t\t\t<\/div>\t\t\t  \r\n\t\t\t<\/div>\r\n\t\t\t <div class=\"blog-meta\">\r\n\t\t\t <h3 class=\"blog-title\"><a href=\"https:\/\/mertagro.com\/?post_type=post&p=3651\"> Hakk\u0131m\u0131zda <\/a><\/h3>\r\n\t\t\t\t<div class=\"blog-date\">\r\n\t\t\t\t\t<i class=\"fa fa-calendar\"><\/i> 1 May\u0131s 2023 \r\n\t\t\t\t\t<span class=\"author\"> <i class=\"fa fa-user\"><\/i> 82c9a874dc93b15e4d6b7d6566fca589<\/span>\r\n\t\t\t\t<\/div>\r\n\t\t\t\t<div class=\"blog-lc\">\t\t\t\t\t\r\n\t\t\t\t\t<div class=\"comment\">\r\n\t\t\t\t\t\t<i class=\"fa fa-comments\"><\/i> 0\r\n\t\t\t\t\t<\/div>\r\n\t\t\t\t<\/div>\r\n\t\t\t<\/div>\r\n\t\t\t\r\n\t\t\t<div class=\"blog-desc\">\r\n\t\t\t\t1989&#8217;dan g\u00fcn\u00fcm\u00fcze ana prensip, m\u00fc\u015fterilerimize verdi\u011fimiz s\u00f6zd\u00fcr.Makinelerimizin ve hizmetlerimizin m\u00fckemmel \u00e7al\u0131\u015fma sonu\u00e7lar\u0131 ile m\u00fc\u015fterimiz olarak daha ba\u015far\u0131l\u0131 olaca\u011f\u0131n\u0131za eminiz.Hedefimiz, \u00e7al\u0131\u015fman\u0131z\u0131...\r\n\t\t\t<\/div>\r\n\t\t\t<div class=\"blog-button\">\r\n\t\t\t\t<a href=\"https:\/\/mertagro.com\/?post_type=post&p=3651\">Read More <i class=\"fa fa-angle-right\"><\/i><\/a>\r\n\t\t\t<\/div>\r\n\t\t  <\/div>\t\t\r\n\t\t<\/div>\r\n\t\t\t<\/div>[\/vc_column][\/vc_row]<\/p>\n","protected":false},"excerpt":{"rendered":"<p>[vc_row full_width=&#8221;stretch_row_content_no_spaces&#8221; css=&#8221;.vc_custom_1509607147265{margin-top: 0px !important;margin-bottom: 0px !important;padding-top: 0px !important;padding-bottom: 0px !important;}&#8221;][vc_column css=&#8221;.vc_custom_1503251047476{margin-top: 0px !important;margin-bottom: 0px !important;}&#8221;][rev_slider_vc alias=&#8221;home1&#8243;][\/vc_column][\/vc_row][vc_row css=&#8221;.vc_custom_1505294554309{padding-top: 65px !important;padding-bottom:&#8230;<\/p>\n","protected":false},"author":1,"featured_media":0,"parent":0,"menu_order":0,"comment_status":"closed","ping_status":"closed","template":"","meta":{"om_disable_all_campaigns":false,"_monsterinsights_skip_tracking":false,"_monsterinsights_sitenote_active":false,"_monsterinsights_sitenote_note":"","_monsterinsights_sitenote_category":0,"footnotes":""},"class_list":["post-1857","page","type-page","status-publish","hentry"],"aioseo_notices":[],"_links":{"self":[{"href":"https:\/\/mertagro.com\/index.php?rest_route=\/wp\/v2\/pages\/1857","targetHints":{"allow":["GET"]}}],"collection":[{"href":"https:\/\/mertagro.com\/index.php?rest_route=\/wp\/v2\/pages"}],"about":[{"href":"https:\/\/mertagro.com\/index.php?rest_route=\/wp\/v2\/types\/page"}],"author":[{"embeddable":true,"href":"https:\/\/mertagro.com\/index.php?rest_route=\/wp\/v2\/users\/1"}],"replies":[{"embeddable":true,"href":"https:\/\/mertagro.com\/index.php?rest_route=%2Fwp%2Fv2%2Fcomments&post=1857"}],"version-history":[{"count":32,"href":"https:\/\/mertagro.com\/index.php?rest_route=\/wp\/v2\/pages\/1857\/revisions"}],"predecessor-version":[{"id":3810,"href":"https:\/\/mertagro.com\/index.php?rest_route=\/wp\/v2\/pages\/1857\/revisions\/3810"}],"wp:attachment":[{"href":"https:\/\/mertagro.com\/index.php?rest_route=%2Fwp%2Fv2%2Fmedia&parent=1857"}],"curies":[{"name":"wp","href":"https:\/\/api.w.org\/{rel}","templated":true}]}}